)/(-5))/((-1)/d). What is the greatest common divisor of 24 and v?
6
Suppose -4*v = 5*b - 1385, 4*b = 36 - 32. Suppose -21*t - v = -2487. What is the greatest common factor of t and 6?
6
Suppose -36*z = -3*m - 37*z + 862, 4*z = m - 296. What is the greatest common divisor of 180 and m?
36
Let g = -91 - -107. Let f(l) = -5*l - 52. Let r be f(-11). Suppose w - r*x = -6*x + 113, 4*x + 660 = 5*w. What is the highest common factor of g and w?
16
Suppose -3*y + 12 = 0, -220*o = -217*o - y - 65. Let a be 2/6 + 411/9. What is the greatest common factor of a and o?
23
Suppose 0 = -2*y + 2*p + 496, 3*y = -107*p + 108*p + 732. Calculate the highest common divisor of 77 and y.
11
Suppose -2*x - 4*t + 400 = 0, -2*x = t - 88 - 312. Let b = 130 + -242. Let z be 14 - (-1584)/b - 352/(-14). Calculate the highest common factor of z and x.
25
Suppose -56*v + 54*v + 3*n + 83 = 0, -2*n + 262 = 8*v. What is the greatest common divisor of v and 7939?
17
Suppose z - 6*z = -25. Let c be (1 - (-2 - -21))*3/(-2). Suppose -c*i + 75 = -24*i. Calculate the highest common divisor of i and z.
5
Let l be (-620)/12 + 6/9. Let o = l - -66. What is the greatest common factor of 30 and o?
15
Let w(y) = 75*y**2 - 10*y - 8. Suppose 7*o = -19 - 2. Let k be w(o). What is the highest common factor of k and 41?
41
Let m = 105 - 223. Let f = m + 248. Calculate the greatest common factor of f and 52.
26
Let s(c) = 49*c - 73. Let u be s(12). Suppose 522*i = u*i + 140. Let z = -8 - -188. What is the highest common factor of z and i?
20
Suppose -13*s = -10*s - 165. Let o be 36/234 - 441/(-91). Calculate the highest common factor of o and s.
5
Let t be -11 + (4 - -10) - -11. Calculate the greatest common divisor of 7532 and t.
14
Suppose -81 - 119 = x. Let q be ((-32)/x*5)/((-2)/(-110)). Calculate the highest common divisor of 11 and q.
11
Let g = 3274 - 3255. What is the greatest common divisor of g and 1843?
19
Let l(m) = 1173*m + 1232. Let p be l(-1). Let r = -767 - -1298. Calculate the greatest common divisor of p and r.
59
Let k(b) = 12*b**3 + 7*b**2 + 18*b - 32. Let t be k(4). What is the highest common factor of t and 1035?
115
Suppose 4*y - 32 = 16. Suppose -4*g + y = -7*g. Let l be (-98)/g + 4/(-8). What is the highest common factor of l and 8?
8
Suppose 84*v + 521*v = 2278430. Calculate the highest common factor of v and 35.
7
Let a be (0 - -437) + -2 + 5 + -2. Suppose a = 20*n - 10762. Calculate the highest common divisor of n and 160.
80
Let p(x) = -4*x**3 - 28*x**2 - 2*x - 6. Let g be p(-7). Let a be (-25 - 28) + 2*1. Let f = a - -123. Calculate the greatest common divisor of f and g.
8
Suppose 4*i = -3*m + 20, 12*m - i = 16*m - 18. What is the greatest common divisor of m and 6596?
4
Let s be 7302/45 - (-40)/(-150). What is the greatest common divisor of s and 54?
54
Let m be (1 - -2 - -1)*1124 - (-32)/4. What is the highest common factor of m and 16?
8
Suppose -3*y - 5*l = -0*l - 17, 0 = -l + 1. Let w be 33*(y + (-2 - 1)). Calculate the greatest common factor of w and 33.
33
Suppose -17 = -2*u + n, -692*n = -3*u - 695*n + 39. What is the greatest common divisor of u and 6070?
10
Suppose -5*c + 4*c - y - 2 = 0, 2*y = 2*c - 12. Suppose -c*r + 540 = 3*r. Calculate the greatest common divisor of 81 and r.
27
Let j(a) = 2*a + 7. Let u be j(7). Suppose 6809 + 6671 = 17*z + 1342. What is the greatest common divisor of z and u?
21
Let z be 2*4 - (-9 + 6 + -1). Let f(t) = t**3 - 2*t**2 - 9*t + 6. Let n be f(4). Let p = z - n. What is the greatest common factor of 4 and p?
2
Let k = 841 + -327. Suppose -160 = -516*w + k*w. What is the highest common factor of 30 and w?
10
Suppose -3*z = 9, -47*z = -3*u - 49*z + 6. Suppose -u*c = -692 - 1044. Calculate the greatest common divisor of 14 and c.
14
Suppose -66*k - 4*g = -68*k + 184, 0 = -k - 4*g + 74. Calculate the highest common factor of 2537 and k.
43
Suppose -4*t + 5758 + 5090 = 4*b, 3*t - 8163 = -6*b. Calculate the highest common divisor of 408 and t.
51
Let g(t) = -5*t**2 - 29*t + 7. Let m be g(-5). Let y be (4*m/180)/((-2)/(-10)). Calculate the greatest common factor of 12 and y.
3
Let p = -5559 - -5611. Calculate the highest common divisor of 1989 and p.
13
Let y(r) = 3*r**3 - 4*r**2 + 10*r - 2. Let l be y(3). Let t = l + -72. Calculate the highest common divisor of 16 and t.
1
Let c be 6528/(-85)*10/3. Let l be (-9512)/(-18) - (c/72 - -4). What is the highest common divisor of 48 and l?
48
Let a be (99/36 + -5)*-136. Calculate the highest common divisor of a and 90.
18
Suppose 0 = -150*j - 106*j + 239616. What is the greatest common factor of j and 72?
72
Suppose -59*o + 21845 = -29*o - 13*o. Calculate the highest common divisor of o and 3341.
257
Suppose -17 = 13*t - 14*t + 5*i, t + 3*i - 9 = 0. What is the greatest common factor of 4188 and t?
12
Let c be (1 - (-174 - -1))*(275/150 + -1). Calculate the highest common divisor of c and 2407.
29
Let n(h) = 8*h**2 + 204*h - 792. Let l be n(4). Calculate the highest common factor of l and 12768.
152
Let y be (16 - -1) + (128 - 121). Calculate the greatest common factor of y and 5196.
12
Let w be (-128 + -1)/(19/(-57)). What is the greatest common divisor of 559 and w?
43
Suppose 2*w + 4*x - 106 = 4, 5*w - 4*x - 205 = 0. Let p = 25409 + -25349. Calculate the greatest common factor of p and w.
15
Let b = -10309 - -12654. Calculate the highest common divisor of b and 70.
35
Let r(o) = -o**2 + 7*o + 15. Let c be r(7). Suppose 3*s + 12 = 0, -2*h + s = -37 - c. What is the highest common divisor of h and 30?
6
Let q(f) = -2*f**2 + 18*f - 6. Let k be q(8). Let n be 125/(-15)*k/25*-3. Let v be 652/5 + 6/(-15). Calculate the highest common factor of n and v.
10
Let h be -3 - (-1 + (-10)/(-2)). Let r = 12 + h. Let d = 5358 + -5323. Calculate the greatest common factor of d and r.
5
Let j(x) = x**2 + x - 13. Let z be j(4). Suppose 0 = 3*t - z*t + 5*y + 485, 4*y - 476 = -4*t. What is the highest common divisor of 24 and t?
24
Suppose -51 = -c - 3*k, 290*c - 132 = 286*c - 4*k. Let f = -18 - -28. What is the highest common divisor of c and f?
2
Let i = -10532 + 10601. Calculate the greatest common divisor of i and 5129.
23
Let z(m) = -m**2 + 3*m - 4. Let f be z(1). Let u be (-160)/(-30)*(4 - f). Calculate the greatest common divisor of u and 352.
32
Suppose 0 = -2*l - 18, -11 = 4*g + l + 7 - 73. Let s(c) = 4*c**2 - 4. Let b be s(3). What is the greatest common divisor of g and b?
16
Suppose -646 = -8*y + 3*y - g, -8 = 2*g. Suppose -2*s - y = -2*c - 0*s, -3*c - 5*s + 219 = 0. Let p = 796 - 626. Calculate the highest common factor of c and p.
34
Suppose -41*j - 83*j + 13392 = 0. Calculate the greatest common divisor of 684 and j.
36
Let q be 14/35 + (-466)/(-10) - -3. Suppose 12 = 3*f, 3*f = -m + 6 + q. What is the highest common factor of 77 and m?
11
Let n(x) = 2*x**3 + 50*x**2 + 41*x + 7. Let m = 104 + -128. Let h be n(m). What is the highest common factor of h and 25?
25
Suppose 0 = -4*y - x + 5, 0*y = -2*y + 2*x + 10. Let a be (1/(5/y))/((-48)/(-4800)). Calculate the highest common factor of 8 and a.
8
Suppose -5*g + 1200 = 5*k, -1137 = -5*k + 826*g - 824*g. What is the highest common factor of 34419 and k?
231
Suppose -18 = -4*p - 14, 5*n - 4*p - 1581 = 0. Let d = 524 - n. What is the highest common divisor of 23 and d?
23
Let o(p) = 7*p - 52. Let k be o(8). Suppose -g + 7*s - 8*s = -6, -k*s = g - 12. Calculate the highest common divisor of g and 12.
4
Let r = 54 - 5. Suppose r = 9*v - 14. Calculate the greatest common factor of 70 and v.
7
Suppose 2*u = 5*s + 54, 3*u - 64 = -36*s + 35*s. What is the highest common divisor of 737 and u?
11
Suppose 2739 = 36*a - 285. Calculate the greatest common divisor of 60 and a.
12
Suppose -h = 8*h - 27. Suppose -5*p + 745 = -2*g + 7*g, -h*g + 741 = 5*p. What is the greatest common factor of p and 21?
21
Suppose 0 = 4*d + 4*m - 4108, 16*d - 13*d - 4*m = 3053. Calculate the highest common divisor of d and 2728.
341
Let a = -80 + 187. Let u = 2188 - 1653. What is the greatest common factor of a and u?
107
Suppose -z + 6 = -12. Let s(p) = 13*p**2 + 37*p + 162. Let i be s(-9). Calculate the highest common factor of z and i.
18
Let n be (-1224)/(-15) - ((-6)/(-10) + 5 - 5). What is the highest common factor of n and 57?
3
Suppose 546*w = 535*w + 484. What i